{"id":71,"date":"2018-04-11T11:03:53","date_gmt":"2018-04-11T09:03:53","guid":{"rendered":"http:\/\/www.minibull.ch\/site\/?page_id=71"},"modified":"2018-04-11T11:57:28","modified_gmt":"2018-04-11T09:57:28","slug":"der-mbtcs","status":"publish","type":"page","link":"https:\/\/www.minibull.ch\/site\/der-mbtcs\/","title":{"rendered":"Der MBTCS"},"content":{"rendered":"<p>[et_pb_section bb_built=&#8220;1&#8243; fullwidth=&#8220;off&#8220; specialty=&#8220;off&#8220; prev_background_color=&#8220;#000000&#8243; _builder_version=&#8220;3.0.106&#8243; background_color=&#8220;#5e5e5e&#8220;][et_pb_row][et_pb_column type=&#8220;1_3&#8243;][et_pb_image _builder_version=&#8220;3.0.106&#8243; src=&#8220;http:\/\/www.minibull.ch\/site\/wp-content\/uploads\/2018\/04\/2.jpg&#8220; show_in_lightbox=&#8220;off&#8220; url_new_window=&#8220;off&#8220; use_overlay=&#8220;off&#8220; always_center_on_mobile=&#8220;on&#8220; force_fullwidth=&#8220;off&#8220; show_bottom_space=&#8220;on&#8220; \/][\/et_pb_column][et_pb_column type=&#8220;1_3&#8243;][et_pb_image _builder_version=&#8220;3.0.106&#8243; src=&#8220;http:\/\/www.minibull.ch\/site\/wp-content\/uploads\/2018\/04\/5.jpg&#8220; show_in_lightbox=&#8220;off&#8220; url_new_window=&#8220;off&#8220; use_overlay=&#8220;off&#8220; always_center_on_mobile=&#8220;on&#8220; force_fullwidth=&#8220;off&#8220; show_bottom_space=&#8220;on&#8220; \/][\/et_pb_column][et_pb_column type=&#8220;1_3&#8243;][et_pb_image _builder_version=&#8220;3.0.106&#8243; src=&#8220;http:\/\/www.minibull.ch\/site\/wp-content\/uploads\/2018\/04\/7.jpg&#8220; show_in_lightbox=&#8220;off&#8220; url_new_window=&#8220;off&#8220; use_overlay=&#8220;off&#8220; always_center_on_mobile=&#8220;on&#8220; force_fullwidth=&#8220;off&#8220; show_bottom_space=&#8220;on&#8220; \/][\/et_pb_column][\/et_pb_row][\/et_pb_section][et_pb_section bb_built=&#8220;1&#8243; next_background_color=&#8220;#000000&#8243;][et_pb_row][et_pb_column type=&#8220;4_4&#8243;][et_pb_text _builder_version=&#8220;3.0.106&#8243; background_layout=&#8220;light&#8220;]<\/p>\n<p><strong>Wir \u00fcber uns<\/strong><\/p>\n<p>In der Schweiz wird der Miniature Bull Terrier seit 1998 durch den Miniature Bull Terrier Club &#8211; Schweiz (MBTCS) betreut. Der MBTCS ist als Mitglied der SKG (Schweizerischen Kynologischen Gesellschaft) und der FCI (F\u00e9d\u00e9ration Cynologique International) darum bem\u00fcht, die Zucht und Verbreitung dieser Rasse in unserem Land zu f\u00f6rdern und die Hundehalter kompetent zu beraten.<\/p>\n<p>Wir stellen hohe Anspr\u00fcche an unsere Z\u00fcchter und deren Zuchttiere. Unser Ziel ist es, gesunde und wesensfeste Hunde zu z\u00fcchten, ohne dabei die typischen Rassemerkmale zu verlieren. Daf\u00fcr organisieren wir spezielle Zuchttauglichkeitspr\u00fcfungen, die von den Hunden erfolgreich absolviert werden m\u00fcssen, bevor sie zur Zucht eingesetzt werden d\u00fcrfen. Diese Pr\u00fcfung besteht aus verschiedenen Segmenten. Eine \u00dcberpr\u00fcfung des \u00e4usseren Erscheinungsbildes unter Ber\u00fccksichtigung der charakterlichen Eigenschaften, wird von zwei FCI anerkannten Spezialisten und einem Mitglied der Zuchtkommission des MBTCS vorgenommen. Zus\u00e4tzlich m\u00fcssen alle in der Zucht stehenden Miniature Bull Terrier regelm\u00e4ssigen Gesunheitskontrollen unterzogen werden. Eine solch umfassende Gesundheits\u00fcberpr\u00fcfung haben wir als einer der ersten verantwortlichen Clubs f\u00fcr diese Rasse in Europa, ausgearbeitet und eingef\u00fchrt. Alle W\u00fcrfe werden von einem qualifizierten Vertreter unseres Clubs kontrolliert und begutachtet. Der Zustand der Welpen und der Muttertiere wird in einem Bericht festgehalten.<\/p>\n<p>&#8218;Der MBTCS organisiert im Laufe des Vereinsjahres verschiedene Aktivit\u00e4ten wie ein Familientag und ein gem\u00fctliches Weihnachtstreffen.<\/p>\n<p>Alle die bereits an einem dieser Treffen dabei waren, haben festgestellt es ist ein tolles Erlebnis, von Zeit zu Zeit unter \u00abSeinesgleichen\u00bb zu verweilen.<\/p>\n<p>Der MBTCS informiert wo immer die M\u00f6glichkeit dazu besteht, \u00fcber unsere Rasse zu Fragen \u00fcber Aufzucht, Haltung, Erziehung oder Gesundheit und stehen gerne mit Rat und Tat zur Seite.<\/p>\n<p>[\/et_pb_text][\/et_pb_column][\/et_pb_row][\/et_pb_section]<\/p>\n","protected":false},"excerpt":{"rendered":"<p><div class=\"et_pb_row et_pb_row_0 et_pb_row_empty\">\n\t\t\t\t\n\t\t\t\t\n\t\t\t\t\n\t\t\t\t\n\t\t\t\t\n\t\t\t<\/div><div class=\"et_pb_row et_pb_row_1 et_pb_row_empty\">\n\t\t\t\t\n\t\t\t\t\n\t\t\t\t\n\t\t\t\t\n\t\t\t\t\n\t\t\t<\/div> Wir \u00fcber uns In der Schweiz wird der Miniature Bull Terrier seit 1998 durch den Miniature Bull Terrier Club &#8211; Schweiz (MBTCS) betreut. Der MBTCS ist als Mitglied der SKG (Schweizerischen Kynologischen Gesellschaft) und der FCI (F\u00e9d\u00e9ration Cynologique International) darum bem\u00fcht, die Zucht und Verbreitung dieser Rasse in unserem Land zu f\u00f6rdern und die [&hellip;]<\/p>\n","protected":false},"author":1,"featured_media":0,"parent":0,"menu_order":0,"comment_status":"closed","ping_status":"closed","template":"","meta":{"_et_pb_use_builder":"on","_et_pb_old_content":"","_et_gb_content_width":"","footnotes":""},"class_list":["post-71","page","type-page","status-publish","hentry"],"_links":{"self":[{"href":"https:\/\/www.minibull.ch\/site\/wp-json\/wp\/v2\/pages\/71"}],"collection":[{"href":"https:\/\/www.minibull.ch\/site\/wp-json\/wp\/v2\/pages"}],"about":[{"href":"https:\/\/www.minibull.ch\/site\/wp-json\/wp\/v2\/types\/page"}],"author":[{"embeddable":true,"href":"https:\/\/www.minibull.ch\/site\/wp-json\/wp\/v2\/users\/1"}],"replies":[{"embeddable":true,"href":"https:\/\/www.minibull.ch\/site\/wp-json\/wp\/v2\/comments?post=71"}],"version-history":[{"count":6,"href":"https:\/\/www.minibull.ch\/site\/wp-json\/wp\/v2\/pages\/71\/revisions"}],"predecessor-version":[{"id":98,"href":"https:\/\/www.minibull.ch\/site\/wp-json\/wp\/v2\/pages\/71\/revisions\/98"}],"wp:attachment":[{"href":"https:\/\/www.minibull.ch\/site\/wp-json\/wp\/v2\/media?parent=71"}],"curies":[{"name":"wp","href":"https:\/\/api.w.org\/{rel}","templated":true}]}}